{"id":71,"date":"2025-05-19T14:58:30","date_gmt":"2025-05-19T14:58:30","guid":{"rendered":"https:\/\/tok-supermarkt.at\/?page_id=71"},"modified":"2025-05-20T13:14:21","modified_gmt":"2025-05-20T13:14:21","slug":"sortiment","status":"publish","type":"page","link":"https:\/\/tok-supermarkt.at\/index.php\/sortiment\/","title":{"rendered":"Sortiment"},"content":{"rendered":"\n<p class=\"has-text-align-center\">Entdecken Sie unser sorgf\u00e4ltig ausgew\u00e4hltes Sortiment \u2013 von frischem Fleisch bis hin zu beliebten t\u00fcrkischen S\u00fc\u00dfigkeiten.<\/p>\n\n\n\n<div class=\"wp-block-group alignfull has-global-padding is-layout-constrained wp-container-core-group-is-layout-d89aad35 wp-block-group-is-layout-constrained\" style=\"margin-top:0;margin-bottom:0;padding-top:var(--wp--preset--spacing--50);padding-right:var(--wp--preset--spacing--50);padding-bottom:var(--wp--preset--spacing--50);padding-left:var(--wp--preset--spacing--50)\">\n<div class=\"wp-block-group alignwide has-global-padding is-layout-constrained wp-container-core-group-is-layout-19e250f3 wp-block-group-is-layout-constrained\">\n<div class=\"wp-block-columns alignwide is-layout-flex wp-container-core-columns-is-layout-d1c656ed wp-block-columns-is-layout-flex\">\n<div class=\"wp-block-column is-vertically-aligned-center is-layout-flow wp-block-column-is-layout-flow\" style=\"flex-basis:40%\">\n<h2 class=\"wp-block-heading\">Fleisch &amp; Fisch<\/h2>\n\n\n\n<ul style=\"line-height:1.75\" class=\"wp-block-list is-style-checkmark-list\">\n<li>Frisches, halal-zertifiziertes Rind, Lamm und Huhn<\/li>\n\n\n\n<li>Ausgew\u00e4hlte Qualit\u00e4t \u2013 t\u00e4glich verf\u00fcgbar<\/li>\n\n\n\n<li>Fisch nur saisonal im Winter erh\u00e4ltlich<\/li>\n<\/ul>\n<\/div>\n\n\n\n<div class=\"wp-block-column is-layout-flow wp-block-column-is-layout-flow\" style=\"flex-basis:50%\">\n<figure class=\"wp-block-image size-large is-resized is-style-rounded is-style-rounded--1\"><img loading=\"lazy\" decoding=\"async\" width=\"768\" height=\"1024\" src=\"https:\/\/tok-supermarkt.at\/wp-content\/uploads\/2025\/05\/WhatsApp-Image-2025-05-20-at-15.09.25-768x1024.jpeg\" alt=\"\" class=\"wp-image-158\" style=\"width:436px;height:auto\" srcset=\"https:\/\/tok-supermarkt.at\/wp-content\/uploads\/2025\/05\/WhatsApp-Image-2025-05-20-at-15.09.25-768x1024.jpeg 768w, https:\/\/tok-supermarkt.at\/wp-content\/uploads\/2025\/05\/WhatsApp-Image-2025-05-20-at-15.09.25-225x300.jpeg 225w, https:\/\/tok-supermarkt.at\/wp-content\/uploads\/2025\/05\/WhatsApp-Image-2025-05-20-at-15.09.25-1152x1536.jpeg 1152w, https:\/\/tok-supermarkt.at\/wp-content\/uploads\/2025\/05\/WhatsApp-Image-2025-05-20-at-15.09.25.jpeg 1200w\" sizes=\"auto, (max-width: 768px) 100vw, 768px\" \/><\/figure>\n<\/div>\n<\/div>\n\n\n\n<div style=\"height:var(--wp--preset--spacing--40)\" aria-hidden=\"true\" class=\"wp-block-spacer\"><\/div>\n\n\n\n<div class=\"wp-block-columns alignwide is-layout-flex wp-container-core-columns-is-layout-d1c656ed wp-block-columns-is-layout-flex\">\n<div class=\"wp-block-column is-layout-flow wp-block-column-is-layout-flow\" style=\"flex-basis:50%\">\n<figure class=\"wp-block-image size-large is-resized is-style-rounded is-style-rounded--2\"><img loading=\"lazy\" decoding=\"async\" width=\"768\" height=\"1024\" src=\"https:\/\/tok-supermarkt.at\/wp-content\/uploads\/2025\/05\/WhatsApp-Image-2025-05-20-at-15.08.10-1-768x1024.jpeg\" alt=\"\" class=\"wp-image-156\" style=\"width:459px;height:auto\" srcset=\"https:\/\/tok-supermarkt.at\/wp-content\/uploads\/2025\/05\/WhatsApp-Image-2025-05-20-at-15.08.10-1-768x1024.jpeg 768w, https:\/\/tok-supermarkt.at\/wp-content\/uploads\/2025\/05\/WhatsApp-Image-2025-05-20-at-15.08.10-1-225x300.jpeg 225w, https:\/\/tok-supermarkt.at\/wp-content\/uploads\/2025\/05\/WhatsApp-Image-2025-05-20-at-15.08.10-1-1152x1536.jpeg 1152w, https:\/\/tok-supermarkt.at\/wp-content\/uploads\/2025\/05\/WhatsApp-Image-2025-05-20-at-15.08.10-1.jpeg 1200w\" sizes=\"auto, (max-width: 768px) 100vw, 768px\" \/><\/figure>\n<\/div>\n\n\n\n<div class=\"wp-block-column is-vertically-aligned-center is-layout-flow wp-block-column-is-layout-flow\" style=\"flex-basis:40%\">\n<h2 class=\"wp-block-heading\">Obst &amp; Gem\u00fcse<\/h2>\n\n\n\n<ul style=\"line-height:1.75\" class=\"wp-block-list is-style-checkmark-list\">\n<li>T\u00e4glich frisch<\/li>\n\n\n\n<li>Regional und international Ware<\/li>\n\n\n\n<li>Ideal f\u00fcr t\u00fcrkische Gerichte und den Alltag<\/li>\n<\/ul>\n<\/div>\n<\/div>\n<\/div>\n<\/div>\n\n\n\n<div class=\"wp-block-group alignfull has-global-padding is-layout-constrained wp-container-core-group-is-layout-d89aad35 wp-block-group-is-layout-constrained\" style=\"margin-top:0;margin-bottom:0;padding-top:var(--wp--preset--spacing--50);padding-right:var(--wp--preset--spacing--50);padding-bottom:var(--wp--preset--spacing--50);padding-left:var(--wp--preset--spacing--50)\">\n<div class=\"wp-block-group alignwide has-global-padding is-layout-constrained wp-container-core-group-is-layout-19e250f3 wp-block-group-is-layout-constrained\">\n<div class=\"wp-block-columns alignwide is-layout-flex wp-container-core-columns-is-layout-d1c656ed wp-block-columns-is-layout-flex\">\n<div class=\"wp-block-column is-vertically-aligned-center is-layout-flow wp-block-column-is-layout-flow\" style=\"flex-basis:40%\">\n<h2 class=\"wp-block-heading\">S\u00fc\u00dfigkeiten &amp; Geb\u00e4ck<\/h2>\n\n\n\n<ul style=\"line-height:1.75\" class=\"wp-block-list is-style-checkmark-list\">\n<li>Lokum, Baklava und t\u00fcrkische Spezialit\u00e4ten<\/li>\n\n\n\n<li>Frisches Geb\u00e4ck wie Simit und B\u00f6rek<\/li>\n\n\n\n<li>Internationale Marken und Klassiker<\/li>\n<\/ul>\n<\/div>\n\n\n\n<div class=\"wp-block-column is-layout-flow wp-block-column-is-layout-flow\" style=\"flex-basis:50%\">\n<figure class=\"wp-block-image size-large is-resized is-style-rounded is-style-rounded--3\"><img loading=\"lazy\" decoding=\"async\" width=\"768\" height=\"1024\" src=\"https:\/\/tok-supermarkt.at\/wp-content\/uploads\/2025\/05\/WhatsApp-Image-2025-05-20-at-15.10.59-768x1024.jpeg\" alt=\"\" class=\"wp-image-160\" style=\"width:438px;height:auto\" srcset=\"https:\/\/tok-supermarkt.at\/wp-content\/uploads\/2025\/05\/WhatsApp-Image-2025-05-20-at-15.10.59-768x1024.jpeg 768w, https:\/\/tok-supermarkt.at\/wp-content\/uploads\/2025\/05\/WhatsApp-Image-2025-05-20-at-15.10.59-225x300.jpeg 225w, https:\/\/tok-supermarkt.at\/wp-content\/uploads\/2025\/05\/WhatsApp-Image-2025-05-20-at-15.10.59-1152x1536.jpeg 1152w, https:\/\/tok-supermarkt.at\/wp-content\/uploads\/2025\/05\/WhatsApp-Image-2025-05-20-at-15.10.59.jpeg 1200w\" sizes=\"auto, (max-width: 768px) 100vw, 768px\" \/><\/figure>\n<\/div>\n<\/div>\n\n\n\n<div style=\"height:var(--wp--preset--spacing--40)\" aria-hidden=\"true\" class=\"wp-block-spacer\"><\/div>\n\n\n\n<div class=\"wp-block-columns alignwide is-layout-flex wp-container-core-columns-is-layout-d1c656ed wp-block-columns-is-layout-flex\">\n<div class=\"wp-block-column is-layout-flow wp-block-column-is-layout-flow\" style=\"flex-basis:50%\">\n<figure class=\"wp-block-image size-large is-resized is-style-rounded is-style-rounded--4\"><img loading=\"lazy\" decoding=\"async\" width=\"768\" height=\"1024\" src=\"https:\/\/tok-supermarkt.at\/wp-content\/uploads\/2025\/05\/WhatsApp-Image-2025-05-20-at-15.11.50-768x1024.jpeg\" alt=\"\" class=\"wp-image-161\" style=\"width:474px;height:auto\" srcset=\"https:\/\/tok-supermarkt.at\/wp-content\/uploads\/2025\/05\/WhatsApp-Image-2025-05-20-at-15.11.50-768x1024.jpeg 768w, https:\/\/tok-supermarkt.at\/wp-content\/uploads\/2025\/05\/WhatsApp-Image-2025-05-20-at-15.11.50-225x300.jpeg 225w, https:\/\/tok-supermarkt.at\/wp-content\/uploads\/2025\/05\/WhatsApp-Image-2025-05-20-at-15.11.50-1152x1536.jpeg 1152w, https:\/\/tok-supermarkt.at\/wp-content\/uploads\/2025\/05\/WhatsApp-Image-2025-05-20-at-15.11.50.jpeg 1200w\" sizes=\"auto, (max-width: 768px) 100vw, 768px\" \/><\/figure>\n<\/div>\n\n\n\n<div class=\"wp-block-column is-vertically-aligned-center is-layout-flow wp-block-column-is-layout-flow\" style=\"flex-basis:40%\">\n<h2 class=\"wp-block-heading\">Beilagen &amp; Zutaten<\/h2>\n\n\n\n<ul style=\"line-height:1.75\" class=\"wp-block-list is-style-checkmark-list\">\n<li>Reis, Bulgur, Nudeln und mehr f\u00fcr jede Mahlzeit<\/li>\n\n\n\n<li>W\u00fcrzige Auswahl: Sal\u00e7a, Gew\u00fcrze, Kr\u00e4uter<\/li>\n\n\n\n<li>Ideal f\u00fcr traditionelle Rezepte<\/li>\n<\/ul>\n<\/div>\n<\/div>\n<\/div>\n<\/div>\n\n\n\n<div class=\"wp-block-group alignfull has-global-padding is-layout-constrained wp-container-core-group-is-layout-d89aad35 wp-block-group-is-layout-constrained\" style=\"margin-top:0;margin-bottom:0;padding-top:var(--wp--preset--spacing--50);padding-right:var(--wp--preset--spacing--50);padding-bottom:var(--wp--preset--spacing--50);padding-left:var(--wp--preset--spacing--50)\">\n<div class=\"wp-block-group alignwide has-global-padding is-layout-constrained wp-container-core-group-is-layout-19e250f3 wp-block-group-is-layout-constrained\">\n<div class=\"wp-block-columns alignwide is-layout-flex wp-container-core-columns-is-layout-d1c656ed wp-block-columns-is-layout-flex\">\n<div class=\"wp-block-column is-vertically-aligned-center is-layout-flow wp-block-column-is-layout-flow\" style=\"flex-basis:40%\">\n<h2 class=\"wp-block-heading\">Getr\u00e4nke &amp; Trends<\/h2>\n\n\n\n<ul style=\"line-height:1.75\" class=\"wp-block-list is-style-checkmark-list\">\n<li>Erfrischende Klassiker: Ayran, Gazoz, S\u00e4fte &amp; mehr<\/li>\n\n\n\n<li>Aktuelle Trends und neue Marken <\/li>\n\n\n\n<li>Immer am Puls t\u00fcrkischer &amp; internationaler Food-Trends<\/li>\n<\/ul>\n<\/div>\n\n\n\n<div class=\"wp-block-column is-layout-flow wp-block-column-is-layout-flow\" style=\"flex-basis:50%\">\n<figure class=\"wp-block-image size-large is-resized is-style-rounded is-style-rounded--5\"><img loading=\"lazy\" decoding=\"async\" width=\"768\" height=\"1024\" src=\"https:\/\/tok-supermarkt.at\/wp-content\/uploads\/2025\/05\/WhatsApp-Image-2025-05-20-at-15.12.45-768x1024.jpeg\" alt=\"\" class=\"wp-image-162\" style=\"width:423px;height:auto\" srcset=\"https:\/\/tok-supermarkt.at\/wp-content\/uploads\/2025\/05\/WhatsApp-Image-2025-05-20-at-15.12.45-768x1024.jpeg 768w, https:\/\/tok-supermarkt.at\/wp-content\/uploads\/2025\/05\/WhatsApp-Image-2025-05-20-at-15.12.45-225x300.jpeg 225w, https:\/\/tok-supermarkt.at\/wp-content\/uploads\/2025\/05\/WhatsApp-Image-2025-05-20-at-15.12.45-1152x1536.jpeg 1152w, https:\/\/tok-supermarkt.at\/wp-content\/uploads\/2025\/05\/WhatsApp-Image-2025-05-20-at-15.12.45.jpeg 1200w\" sizes=\"auto, (max-width: 768px) 100vw, 768px\" \/><\/figure>\n<\/div>\n<\/div>\n<\/div>\n<\/div>\n","protected":false},"excerpt":{"rendered":"<p>Entdecken Sie unser sorgf\u00e4ltig ausgew\u00e4hltes Sortiment \u2013 von frischem Fleisch bis hin zu beliebten t\u00fcrkischen S\u00fc\u00dfigkeiten. Fleisch &amp; Fisch Obst &amp; Gem\u00fcse S\u00fc\u00dfigkeiten &amp; Geb\u00e4ck Beilagen &amp; Zutaten Getr\u00e4nke &amp; Trends<\/p>\n","protected":false},"author":1,"featured_media":0,"parent":0,"menu_order":0,"comment_status":"closed","ping_status":"closed","template":"","meta":{"footnotes":""},"class_list":["post-71","page","type-page","status-publish","hentry"],"_links":{"self":[{"href":"https:\/\/tok-supermarkt.at\/index.php\/wp-json\/wp\/v2\/pages\/71","targetHints":{"allow":["GET"]}}],"collection":[{"href":"https:\/\/tok-supermarkt.at\/index.php\/wp-json\/wp\/v2\/pages"}],"about":[{"href":"https:\/\/tok-supermarkt.at\/index.php\/wp-json\/wp\/v2\/types\/page"}],"author":[{"embeddable":true,"href":"https:\/\/tok-supermarkt.at\/index.php\/wp-json\/wp\/v2\/users\/1"}],"replies":[{"embeddable":true,"href":"https:\/\/tok-supermarkt.at\/index.php\/wp-json\/wp\/v2\/comments?post=71"}],"version-history":[{"count":7,"href":"https:\/\/tok-supermarkt.at\/index.php\/wp-json\/wp\/v2\/pages\/71\/revisions"}],"predecessor-version":[{"id":165,"href":"https:\/\/tok-supermarkt.at\/index.php\/wp-json\/wp\/v2\/pages\/71\/revisions\/165"}],"wp:attachment":[{"href":"https:\/\/tok-supermarkt.at\/index.php\/wp-json\/wp\/v2\/media?parent=71"}],"curies":[{"name":"wp","href":"https:\/\/api.w.org\/{rel}","templated":true}]}}